{"id":505,"date":"2021-04-07T08:16:47","date_gmt":"2021-04-07T08:16:47","guid":{"rendered":"https:\/\/klg-bergstrasse.de\/?page_id=505"},"modified":"2021-04-09T10:30:46","modified_gmt":"2021-04-09T10:30:46","slug":"__trashed","status":"publish","type":"page","link":"https:\/\/klg-bergstrasse.de\/?page_id=505","title":{"rendered":"Texte zum Thema"},"content":{"rendered":"\n<p class=\"p-century-gothic\">Zu unseren beiden thematischen Schwerpunkten &#8211; &#8222;Der K\u00fcnstler Leo Grewenig&#8220; und &#8222;Bauhaus und die Folgen&#8220; &#8211;  beginnen wir hier eine Sammlung von Informationen und Betrachtungen. <\/p>\n\n\n\n<h2 class=\"wp-block-heading\">Generation Grewenig<\/h2>\n\n\n\n<p class=\"p-century-gothic\">Unter dem Titel &#8222;Generation Grewenig&#8220; wollen wir uns unter den um 1890 geborenen K\u00fcnstlern umsehen. Wie haben sie die Herausforderungen ihrer Zeit gemeistert? Welche k\u00fcnstlerischen Ausdrucksformen haben sie gefunden und welche Ber\u00fchrungspunkte gibt es mit Leo Grewenig? <\/p>\n\n\n\n<p class=\"p-century-gothic\">Hier geht es zu:<\/p>\n\n\n\n<div class=\"wp-block-buttons is-layout-flex wp-block-buttons-is-layout-flex\">\n<div class=\"wp-block-button\"><a class=\"wp-block-button__link\" href=\"https:\/\/klg-bergstrasse.de\/?page_id=507\" target=\"_blank\" rel=\"noreferrer noopener\">Generation Grewenig<\/a><\/div>\n<\/div>\n\n\n\n<h2 class=\"wp-block-heading\"><strong>Bauhaus &#8211; und weiter?<\/strong><\/h2>\n\n\n\n<p class=\"p-century-gothic\">&#8222;Bauhaus &#8211; und weiter?&#8220; ist gepr\u00e4gt von der Sorge um verlorene Standards guter Architektur. Wir machen uns in der Region Bergstra\u00dfe auf die Suche nach Geb\u00e4uden des 20. und des 21. Jahrhunderts, die in unseren Augen gelungen sind. Da die Meinungen hier mitunter auseinandergehen d\u00fcrften, ist jeder Beitrag namentlich gekennzeichnet &#8211; als ganz individuelle Begeisterung, \u00fcber die man auch diskutieren kann. <\/p>\n\n\n\n<p class=\"p-century-gothic\">Hier geht es zu:<\/p>\n\n\n\n<div class=\"wp-block-buttons is-vertical is-layout-flex wp-block-buttons-is-layout-flex\">\n<div class=\"wp-block-button\"><a class=\"wp-block-button__link\" href=\"https:\/\/klg-bergstrasse.de\/?page_id=544\" target=\"_blank\" rel=\"noreferrer noopener\">BaUhAUS &#8211; UND Weiter?<\/a><\/div>\n<\/div>\n\n\n\n<h2 class=\"wp-block-heading\">Mitmachen!<\/h2>\n\n\n\n<p class=\"p-century-gothic\">Wir freuen uns \u00fcber jeden, der Lust hat, hier etwas beizutragen &#8211; und damit sind nicht nur Vereinsmitglieder gemeint. Wer einen Themenvorschlag, Informationen, Fotos oder sogar einen eigenen Text beisteuern m\u00f6chte, kann uns hier kontaktieren:<\/p>\n\n\n\n<div class=\"wp-block-buttons is-layout-flex wp-block-buttons-is-layout-flex\">\n<div class=\"wp-block-button\"><a class=\"wp-block-button__link\" href=\"mailto:eva.bambach@bildredaktion.com\">einen Vorschlag Machen<\/a><\/div>\n<\/div>\n\n\n\n<p><\/p>\n","protected":false},"excerpt":{"rendered":"<p>Zu unseren beiden thematischen Schwerpunkten &#8211; &#8222;Der K\u00fcnstler Leo Grewenig&#8220; und &#8222;Bauhaus und die Folgen&#8220; &#8211; beginnen wir hier eine Sammlung von Informationen und Betrachtungen. Generation Grewenig Unter dem Titel &#8222;Generation Grewenig&#8220; wollen wir uns unter den um 1890 geborenen K\u00fcnstlern umsehen. Wie haben sie die Herausforderungen ihrer Zeit gemeistert? Welche k\u00fcnstlerischen Ausdrucksformen haben sie [&hellip;]<\/p>\n","protected":false},"author":1,"featured_media":0,"parent":0,"menu_order":0,"comment_status":"closed","ping_status":"closed","template":"","meta":{"ngg_post_thumbnail":0,"footnotes":""},"_links":{"self":[{"href":"https:\/\/klg-bergstrasse.de\/index.php?rest_route=\/wp\/v2\/pages\/505"}],"collection":[{"href":"https:\/\/klg-bergstrasse.de\/index.php?rest_route=\/wp\/v2\/pages"}],"about":[{"href":"https:\/\/klg-bergstrasse.de\/index.php?rest_route=\/wp\/v2\/types\/page"}],"author":[{"embeddable":true,"href":"https:\/\/klg-bergstrasse.de\/index.php?rest_route=\/wp\/v2\/users\/1"}],"replies":[{"embeddable":true,"href":"https:\/\/klg-bergstrasse.de\/index.php?rest_route=%2Fwp%2Fv2%2Fcomments&post=505"}],"version-history":[{"count":27,"href":"https:\/\/klg-bergstrasse.de\/index.php?rest_route=\/wp\/v2\/pages\/505\/revisions"}],"predecessor-version":[{"id":608,"href":"https:\/\/klg-bergstrasse.de\/index.php?rest_route=\/wp\/v2\/pages\/505\/revisions\/608"}],"wp:attachment":[{"href":"https:\/\/klg-bergstrasse.de\/index.php?rest_route=%2Fwp%2Fv2%2Fmedia&parent=505"}],"curies":[{"name":"wp","href":"https:\/\/api.w.org\/{rel}","templated":true}]}}

<p class="p-century-gothic">Zu unseren beiden thematischen Schwerpunkten &#8211; &#8222;Der Künstler Leo Grewenig&#8220; und &#8222;Bauhaus und die Folgen&#8220; &#8211;  beginnen wir hier eine Sammlung von Informationen und Betrachtungen. </p>



<h2 class="wp-block-heading">Generation Grewenig</h2>



<p class="p-century-gothic">Unter dem Titel &#8222;Generation Grewenig&#8220; wollen wir uns unter den um 1890 geborenen Künstlern umsehen. Wie haben sie die Herausforderungen ihrer Zeit gemeistert? Welche künstlerischen Ausdrucksformen haben sie gefunden und welche Berührungspunkte gibt es mit Leo Grewenig? </p>



<p class="p-century-gothic">Hier geht es zu:</p>



<div class="wp-block-buttons is-layout-flex wp-block-buttons-is-layout-flex">
<div class="wp-block-button"><a class="wp-block-button__link" href="https://klg-bergstrasse.de/?page_id=507" target="_blank" rel="noreferrer noopener">Generation Grewenig</a></div>
</div>



<h2 class="wp-block-heading"><strong>Bauhaus &#8211; und weiter?</strong></h2>



<p class="p-century-gothic">&#8222;Bauhaus &#8211; und weiter?&#8220; ist geprägt von der Sorge um verlorene Standards guter Architektur. Wir machen uns in der Region Bergstraße auf die Suche nach Gebäuden des 20. und des 21. Jahrhunderts, die in unseren Augen gelungen sind. Da die Meinungen hier mitunter auseinandergehen dürften, ist jeder Beitrag namentlich gekennzeichnet &#8211; als ganz individuelle Begeisterung, über die man auch diskutieren kann. </p>



<p class="p-century-gothic">Hier geht es zu:</p>



<div class="wp-block-buttons is-vertical is-layout-flex wp-block-buttons-is-layout-flex">
<div class="wp-block-button"><a class="wp-block-button__link" href="https://klg-bergstrasse.de/?page_id=544" target="_blank" rel="noreferrer noopener">BaUhAUS &#8211; UND Weiter?</a></div>
</div>



<h2 class="wp-block-heading">Mitmachen!</h2>



<p class="p-century-gothic">Wir freuen uns über jeden, der Lust hat, hier etwas beizutragen &#8211; und damit sind nicht nur Vereinsmitglieder gemeint. Wer einen Themenvorschlag, Informationen, Fotos oder sogar einen eigenen Text beisteuern möchte, kann uns hier kontaktieren:</p>



<div class="wp-block-buttons is-layout-flex wp-block-buttons-is-layout-flex">
<div class="wp-block-button"><a class="wp-block-button__link" href="mailto:eva.bambach@bildredaktion.com">einen Vorschlag Machen</a></div>
</div>



<p></p>

<p>Zu unseren beiden thematischen Schwerpunkten &#8211; &#8222;Der Künstler Leo Grewenig&#8220; und &#8222;Bauhaus und die Folgen&#8220; &#8211; beginnen wir hier eine Sammlung von Informationen und Betrachtungen. Generation Grewenig Unter dem Titel &#8222;Generation Grewenig&#8220; wollen wir uns unter den um 1890 geborenen Künstlern umsehen. Wie haben sie die Herausforderungen ihrer Zeit gemeistert? Welche künstlerischen Ausdrucksformen haben sie [&hellip;]</p>
