{"id":56,"date":"2020-04-14T14:38:46","date_gmt":"2020-04-14T14:38:46","guid":{"rendered":"https:\/\/klg-bergstrasse.de\/?page_id=56"},"modified":"2022-03-01T13:35:10","modified_gmt":"2022-03-01T13:35:10","slug":"bilder","status":"publish","type":"page","link":"https:\/\/klg-bergstrasse.de\/?page_id=56","title":{"rendered":"Bilder"},"content":{"rendered":"\n<p class=\"p-century-gothic\">Stellvertretend f\u00fcr das umfangreiche malerische Werk Leo Grewenigs finden Sie hier einige Arbeiten, die exemplarisch f\u00fcr das Lebenswerk des K\u00fcnstlers stehen &#8211; von den fr\u00fchen figurativen Bildern bis zu den ornamentalen, abstrakten Kompositionen des Sp\u00e4twerks.<\/p>\n\n\n\n<figure class=\"wp-block-image\"><img loading=\"lazy\" decoding=\"async\" width=\"752\" height=\"1024\" src=\"https:\/\/klg-bergstrasse.de\/wp-content\/uploads\/2020\/04\/TANZBODEN-1-752x1024.jpg\" alt=\"\" class=\"wp-image-282\" srcset=\"https:\/\/klg-bergstrasse.de\/wp-content\/uploads\/2020\/04\/TANZBODEN-1-752x1024.jpg 752w, https:\/\/klg-bergstrasse.de\/wp-content\/uploads\/2020\/04\/TANZBODEN-1-220x300.jpg 220w, https:\/\/klg-bergstrasse.de\/wp-content\/uploads\/2020\/04\/TANZBODEN-1-768x1045.jpg 768w, https:\/\/klg-bergstrasse.de\/wp-content\/uploads\/2020\/04\/TANZBODEN-1-1129x1536.jpg 1129w, https:\/\/klg-bergstrasse.de\/wp-content\/uploads\/2020\/04\/TANZBODEN-1-1200x1633.jpg 1200w, https:\/\/klg-bergstrasse.de\/wp-content\/uploads\/2020\/04\/TANZBODEN-1.jpg 1405w\" sizes=\"(max-width: 752px) 100vw, 752px\" \/><figcaption>Tanzboden, 1923, Aquarell, 17 cm x 13 cm,<br>\u00a9 Leo-Grewenig-Archiv, Bensheim<\/figcaption><\/figure>\n\n\n\n<p><\/p>\n\n\n\n<figure class=\"wp-block-image\"><img loading=\"lazy\" decoding=\"async\" width=\"1024\" height=\"762\" src=\"https:\/\/klg-bergstrasse.de\/wp-content\/uploads\/2020\/04\/SCHIFFINSEL-3-1024x762.jpg\" alt=\"\" class=\"wp-image-280\" srcset=\"https:\/\/klg-bergstrasse.de\/wp-content\/uploads\/2020\/04\/SCHIFFINSEL-3-1024x762.jpg 1024w, https:\/\/klg-bergstrasse.de\/wp-content\/uploads\/2020\/04\/SCHIFFINSEL-3-300x223.jpg 300w, https:\/\/klg-bergstrasse.de\/wp-content\/uploads\/2020\/04\/SCHIFFINSEL-3-768x572.jpg 768w, https:\/\/klg-bergstrasse.de\/wp-content\/uploads\/2020\/04\/SCHIFFINSEL-3-1536x1143.jpg 1536w, https:\/\/klg-bergstrasse.de\/wp-content\/uploads\/2020\/04\/SCHIFFINSEL-3-1200x893.jpg 1200w, https:\/\/klg-bergstrasse.de\/wp-content\/uploads\/2020\/04\/SCHIFFINSEL-3.jpg 1767w\" sizes=\"(max-width: 1024px) 100vw, 1024px\" \/><figcaption>Schiffinsel, 1954, Gouache, 21 cm x 28,5 cm,<br>\u00a9 Leo-Grewenig-Archiv, Bensheim<\/figcaption><\/figure>\n\n\n\n<div class=\"wp-block-group is-layout-flow wp-block-group-is-layout-flow\"><div class=\"wp-block-group__inner-container\"><\/div><\/div>\n\n\n\n<figure class=\"wp-block-image\"><img loading=\"lazy\" decoding=\"async\" width=\"612\" height=\"1024\" src=\"https:\/\/klg-bergstrasse.de\/wp-content\/uploads\/2020\/04\/KOMPOSITION-1-612x1024.jpg\" alt=\"\" class=\"wp-image-283\" srcset=\"https:\/\/klg-bergstrasse.de\/wp-content\/uploads\/2020\/04\/KOMPOSITION-1-612x1024.jpg 612w, https:\/\/klg-bergstrasse.de\/wp-content\/uploads\/2020\/04\/KOMPOSITION-1-179x300.jpg 179w, https:\/\/klg-bergstrasse.de\/wp-content\/uploads\/2020\/04\/KOMPOSITION-1-768x1285.jpg 768w, https:\/\/klg-bergstrasse.de\/wp-content\/uploads\/2020\/04\/KOMPOSITION-1-918x1536.jpg 918w, https:\/\/klg-bergstrasse.de\/wp-content\/uploads\/2020\/04\/KOMPOSITION-1.jpg 1197w\" sizes=\"(max-width: 612px) 100vw, 612px\" \/><figcaption>Kompositon, 1958, \u00d6l auf Karton, 49,3 cm x 29,cm<br>\u00a9 Leo-Grewenig-Archiv, Bensheim<\/figcaption><\/figure>\n\n\n\n<figure class=\"wp-block-image\"><img loading=\"lazy\" decoding=\"async\" width=\"1024\" height=\"721\" src=\"https:\/\/klg-bergstrasse.de\/wp-content\/uploads\/2020\/04\/SCHLANGE-1-1024x721.jpg\" alt=\"\" class=\"wp-image-281\" srcset=\"https:\/\/klg-bergstrasse.de\/wp-content\/uploads\/2020\/04\/SCHLANGE-1-1024x721.jpg 1024w, https:\/\/klg-bergstrasse.de\/wp-content\/uploads\/2020\/04\/SCHLANGE-1-300x211.jpg 300w, https:\/\/klg-bergstrasse.de\/wp-content\/uploads\/2020\/04\/SCHLANGE-1-768x541.jpg 768w, https:\/\/klg-bergstrasse.de\/wp-content\/uploads\/2020\/04\/SCHLANGE-1-1536x1082.jpg 1536w, https:\/\/klg-bergstrasse.de\/wp-content\/uploads\/2020\/04\/SCHLANGE-1-1200x845.jpg 1200w, https:\/\/klg-bergstrasse.de\/wp-content\/uploads\/2020\/04\/SCHLANGE-1-1980x1395.jpg 1980w, https:\/\/klg-bergstrasse.de\/wp-content\/uploads\/2020\/04\/SCHLANGE-1.jpg 2002w\" sizes=\"(max-width: 1024px) 100vw, 1024px\" \/><figcaption>Schlange, 1965<br>Mischtechnik auf Papier, 21 cm x 29,5 cm<br>\u00a9 Leo-Grewenig-Archiv, Bensheim<\/figcaption><\/figure>\n\n\n\n<figure class=\"wp-block-image\"><img loading=\"lazy\" decoding=\"async\" width=\"720\" height=\"1024\" src=\"https:\/\/klg-bergstrasse.de\/wp-content\/uploads\/2020\/04\/SCHEIBENSPIEL-1-720x1024.jpg\" alt=\"\" class=\"wp-image-279\" srcset=\"https:\/\/klg-bergstrasse.de\/wp-content\/uploads\/2020\/04\/SCHEIBENSPIEL-1-720x1024.jpg 720w, https:\/\/klg-bergstrasse.de\/wp-content\/uploads\/2020\/04\/SCHEIBENSPIEL-1-211x300.jpg 211w, https:\/\/klg-bergstrasse.de\/wp-content\/uploads\/2020\/04\/SCHEIBENSPIEL-1-768x1092.jpg 768w, https:\/\/klg-bergstrasse.de\/wp-content\/uploads\/2020\/04\/SCHEIBENSPIEL-1-1080x1536.jpg 1080w, https:\/\/klg-bergstrasse.de\/wp-content\/uploads\/2020\/04\/SCHEIBENSPIEL-1-1200x1707.jpg 1200w, https:\/\/klg-bergstrasse.de\/wp-content\/uploads\/2020\/04\/SCHEIBENSPIEL-1.jpg 1409w\" sizes=\"(max-width: 720px) 100vw, 720px\" \/><figcaption>Scheibenspiel, 1979,Pastell, Gouache auf Baumrindenpapier, 21 cm x 28,5 cm<br>\u00a9 Leo-Grewenig-Archiv, Bensheim<\/figcaption><\/figure>\n\n\n\n<p><\/p>\n","protected":false},"excerpt":{"rendered":"<p>Stellvertretend f\u00fcr das umfangreiche malerische Werk Leo Grewenigs finden Sie hier einige Arbeiten, die exemplarisch f\u00fcr das Lebenswerk des K\u00fcnstlers stehen &#8211; von den fr\u00fchen figurativen Bildern bis zu den ornamentalen, abstrakten Kompositionen des Sp\u00e4twerks.<\/p>\n","protected":false},"author":1,"featured_media":0,"parent":2,"menu_order":0,"comment_status":"closed","ping_status":"closed","template":"","meta":{"ngg_post_thumbnail":0,"footnotes":""},"_links":{"self":[{"href":"https:\/\/klg-bergstrasse.de\/index.php?rest_route=\/wp\/v2\/pages\/56"}],"collection":[{"href":"https:\/\/klg-bergstrasse.de\/index.php?rest_route=\/wp\/v2\/pages"}],"about":[{"href":"https:\/\/klg-bergstrasse.de\/index.php?rest_route=\/wp\/v2\/types\/page"}],"author":[{"embeddable":true,"href":"https:\/\/klg-bergstrasse.de\/index.php?rest_route=\/wp\/v2\/users\/1"}],"replies":[{"embeddable":true,"href":"https:\/\/klg-bergstrasse.de\/index.php?rest_route=%2Fwp%2Fv2%2Fcomments&post=56"}],"version-history":[{"count":10,"href":"https:\/\/klg-bergstrasse.de\/index.php?rest_route=\/wp\/v2\/pages\/56\/revisions"}],"predecessor-version":[{"id":752,"href":"https:\/\/klg-bergstrasse.de\/index.php?rest_route=\/wp\/v2\/pages\/56\/revisions\/752"}],"up":[{"embeddable":true,"href":"https:\/\/klg-bergstrasse.de\/index.php?rest_route=\/wp\/v2\/pages\/2"}],"wp:attachment":[{"href":"https:\/\/klg-bergstrasse.de\/index.php?rest_route=%2Fwp%2Fv2%2Fmedia&parent=56"}],"curies":[{"name":"wp","href":"https:\/\/api.w.org\/{rel}","templated":true}]}}