{"id":737,"date":"2022-03-04T11:00:27","date_gmt":"2022-03-04T11:00:27","guid":{"rendered":"https:\/\/klg-bergstrasse.de\/?page_id=737"},"modified":"2022-03-10T09:06:59","modified_gmt":"2022-03-10T09:06:59","slug":"fritz-winter","status":"publish","type":"page","link":"https:\/\/klg-bergstrasse.de\/?page_id=737","title":{"rendered":"Fritz Winter"},"content":{"rendered":"\n<h2 class=\"has-text-align-center wp-block-heading\">Generation Grewenig<\/h2>\n\n\n\n<figure class=\"wp-block-image size-large\"><img loading=\"lazy\" decoding=\"async\" width=\"1024\" height=\"788\" src=\"https:\/\/klg-bergstrasse.de\/wp-content\/uploads\/2022\/02\/FW-146-1024x788.jpg\" alt=\"\" class=\"wp-image-741\" srcset=\"https:\/\/klg-bergstrasse.de\/wp-content\/uploads\/2022\/02\/FW-146-1024x788.jpg 1024w, https:\/\/klg-bergstrasse.de\/wp-content\/uploads\/2022\/02\/FW-146-300x231.jpg 300w, https:\/\/klg-bergstrasse.de\/wp-content\/uploads\/2022\/02\/FW-146-768x591.jpg 768w, https:\/\/klg-bergstrasse.de\/wp-content\/uploads\/2022\/02\/FW-146-1536x1182.jpg 1536w, https:\/\/klg-bergstrasse.de\/wp-content\/uploads\/2022\/02\/FW-146-2048x1576.jpg 2048w, https:\/\/klg-bergstrasse.de\/wp-content\/uploads\/2022\/02\/FW-146-1200x923.jpg 1200w, https:\/\/klg-bergstrasse.de\/wp-content\/uploads\/2022\/02\/FW-146-1980x1523.jpg 1980w\" sizes=\"(max-width: 1024px) 100vw, 1024px\" \/><figcaption>Fritz Winter, Ohne Titel, 1931, \u00d6l auf Karton, 49,9 x 65 cm, Werkverzeichnisnummer 146<br>\u00a9 Fritz-Winter-Haus, Ahlen<\/figcaption><\/figure>\n\n\n\n<p><\/p>\n\n\n\n<p class=\"p-century-gothic\">1905 geboren, war Fritz  Winter einige Jahre j\u00fcnger als Leo Grewenig. Auch er machte wie Grewenig zun\u00e4chst eine handwerkliche Ausbildung &#8211; Grewenig im Malerbetrieb der Familie, Winter im Bergbau,  als Grubenelektriker in Ahlen. 1927 begann Fritz Winter eine Ausbildung am  Bauhaus, das inzwischen in Dessau angesiedelt war. Leo Grewenig hatte das Bauhaus (Weimar) schon 1925 verlassen. Beide sind sich w\u00e4hrend der Ausbildung also nicht begegnet. Doch &#8222;teilten&#8220; sie Lehrer wie Paul Klee und Wassily Kandinsky.  <\/p>\n\n\n\n<figure class=\"wp-block-image size-large\"><img loading=\"lazy\" decoding=\"async\" width=\"712\" height=\"1024\" src=\"https:\/\/klg-bergstrasse.de\/wp-content\/uploads\/2022\/03\/07_Bildhaftes-Gestein_1964-712x1024.jpg\" alt=\"\" class=\"wp-image-751\" srcset=\"https:\/\/klg-bergstrasse.de\/wp-content\/uploads\/2022\/03\/07_Bildhaftes-Gestein_1964-712x1024.jpg 712w, https:\/\/klg-bergstrasse.de\/wp-content\/uploads\/2022\/03\/07_Bildhaftes-Gestein_1964-209x300.jpg 209w, https:\/\/klg-bergstrasse.de\/wp-content\/uploads\/2022\/03\/07_Bildhaftes-Gestein_1964-768x1104.jpg 768w, https:\/\/klg-bergstrasse.de\/wp-content\/uploads\/2022\/03\/07_Bildhaftes-Gestein_1964-1068x1536.jpg 1068w, https:\/\/klg-bergstrasse.de\/wp-content\/uploads\/2022\/03\/07_Bildhaftes-Gestein_1964-1424x2048.jpg 1424w, https:\/\/klg-bergstrasse.de\/wp-content\/uploads\/2022\/03\/07_Bildhaftes-Gestein_1964-1200x1726.jpg 1200w, https:\/\/klg-bergstrasse.de\/wp-content\/uploads\/2022\/03\/07_Bildhaftes-Gestein_1964-1980x2847.jpg 1980w, https:\/\/klg-bergstrasse.de\/wp-content\/uploads\/2022\/03\/07_Bildhaftes-Gestein_1964-scaled.jpg 1780w\" sizes=\"(max-width: 712px) 100vw, 712px\" \/><figcaption>Leo Grewenig, Bildhaftes Gestein, 1964, \u00d6l und Leimfarbe auf Karton, <br>54,8 x 38,4 cm<br>\u00a9 Leo-Grewenig-Archiv, Bensheim<\/figcaption><\/figure>\n\n\n\n<p class=\"p-century-gothic\">Fritz Winter arbeitete ab 1930 in Berlin als freischaffender K\u00fcnstler (Grewenig: 1928 bis 1931). Ab 1931 lehrte Winter an der P\u00e4dagogischen Akademie in Halle a. d. Saale, bis ihm 1933 der Lehrauftrag entzogen wurde und er schlie\u00dflich 1935 nach Diessen am Ammersee in die &#8222;innere Emigration&#8220; ging. 1937 bekam er Malverbot. Winter wurde in den ersten Kriegstagen 1939 eingezogen, wurde dreimal verwundet und geriet in russische Gefangenschaft, aus der er erst 1949 entlassen wurde. <\/p>\n\n\n\n<p class=\"p-century-gothic\">Noch im Jahr der Entlassung aus der Kriegsgefangen-<br>schaft wurde Winter Mitbegr\u00fcnder der K\u00fcnstlergruppe ZEN 49 in M\u00fcnchen. 1955 erhielt er eine Professur an der Staatlichen Hochschule f\u00fcr Bildende K\u00fcnste in Kassel. Er nahm 1964 an der documenta III teil, wurde  zum 60. Geburtstag  mit gro\u00dfen Retrospektiven gew\u00fcrdigt und z\u00e4hlt heute zu den wichtigsten abstrakten K\u00fcnstlern der Nachkriegszeit. Fritz Winter starb 1976 in Herrsching am Ammersee.<\/p>\n\n\n\n<p class=\"p-century-gothic\">Die beiden K\u00fcnstler Leo Grewenig und Fritz Wintzer teilten nicht nur die Einfl\u00fcsse durch das Bauhaus, sondern auch die erlittene Diskriminierung durch das Naziregime und die Fronterfahrung. Ihr Gesamtwerk ist kaum zu vergleichen, doch lassen sich auch in den Bildern durchaus Parallelen erkennen, wenn auch in unterschiedlichen Zeitr\u00e4umen.<\/p>\n\n\n\n<figure class=\"wp-block-image size-large\"><img loading=\"lazy\" decoding=\"async\" width=\"1024\" height=\"771\" src=\"https:\/\/klg-bergstrasse.de\/wp-content\/uploads\/2022\/03\/FW-2000-1024x771.jpg\" alt=\"\" class=\"wp-image-746\" srcset=\"https:\/\/klg-bergstrasse.de\/wp-content\/uploads\/2022\/03\/FW-2000-1024x771.jpg 1024w, https:\/\/klg-bergstrasse.de\/wp-content\/uploads\/2022\/03\/FW-2000-300x226.jpg 300w, https:\/\/klg-bergstrasse.de\/wp-content\/uploads\/2022\/03\/FW-2000-768x578.jpg 768w, https:\/\/klg-bergstrasse.de\/wp-content\/uploads\/2022\/03\/FW-2000-1200x904.jpg 1200w, https:\/\/klg-bergstrasse.de\/wp-content\/uploads\/2022\/03\/FW-2000.jpg 1292w\" sizes=\"(max-width: 1024px) 100vw, 1024px\" \/><figcaption><br>Fritz Winter, Ohne Titel, 1955, \u00d6l auf Karton, 74,5 x 100 cm, Werkverzeichnisnummer 2000<br>\u00a9 Fritz-Winter-Haus, Ahlen<\/figcaption><\/figure>\n\n\n\n<p class=\"p-century-gothic\">So hatte sich Fritz Winter in den 1950er Jahren in Auseinandersetzung mit dem Informel einer stark gestischen, expressiven Malweise zugewendet. Im gleichen Zeitraum griff Leo Grewenig auf Formfindungen zur\u00fcck, die  von Anregungen des Bauhauses gespeist wurden und die \u00e4hnlich in den fr\u00fchen Bildern Fritz Winters aus den 1930er Jahren zu entdecken sind (vgl. das ganz oben abgebildete Werk). Bei Fritz Winter erheblich vereinfacht, findet sich bei beiden K\u00fcnstlern das Prinzip einer monochromen Farbfl\u00e4che mit einer gro\u00dfen \u00dcberform, die in kleinere, grafisch strukturierte Fl\u00e4chen aufgeteilt ist. Dabei lie\u00df sich Grewenig in hohem Ma\u00df auf das Spiel mit dem Zufall ein und \u00fcberlie\u00df ihm die Erzeugung von Farbspuren in  unterschiedlichen Techniken. Au\u00dferdem sind seine Binnenstrukturen extrem kleinteilig und in mehreren Schichten differenziert.<\/p>\n","protected":false},"excerpt":{"rendered":"<p>Generation Grewenig 1905 geboren, war Fritz Winter einige Jahre j\u00fcnger als Leo Grewenig. Auch er machte wie Grewenig zun\u00e4chst eine handwerkliche Ausbildung &#8211; Grewenig im Malerbetrieb der Familie, Winter im Bergbau, als Grubenelektriker in Ahlen. 1927 begann Fritz Winter eine Ausbildung am Bauhaus, das inzwischen in Dessau angesiedelt war. Leo Grewenig hatte das Bauhaus (Weimar) [&hellip;]<\/p>\n","protected":false},"author":1,"featured_media":0,"parent":507,"menu_order":0,"comment_status":"closed","ping_status":"closed","template":"","meta":{"ngg_post_thumbnail":0,"footnotes":""},"_links":{"self":[{"href":"https:\/\/klg-bergstrasse.de\/index.php?rest_route=\/wp\/v2\/pages\/737"}],"collection":[{"href":"https:\/\/klg-bergstrasse.de\/index.php?rest_route=\/wp\/v2\/pages"}],"about":[{"href":"https:\/\/klg-bergstrasse.de\/index.php?rest_route=\/wp\/v2\/types\/page"}],"author":[{"embeddable":true,"href":"https:\/\/klg-bergstrasse.de\/index.php?rest_route=\/wp\/v2\/users\/1"}],"replies":[{"embeddable":true,"href":"https:\/\/klg-bergstrasse.de\/index.php?rest_route=%2Fwp%2Fv2%2Fcomments&post=737"}],"version-history":[{"count":21,"href":"https:\/\/klg-bergstrasse.de\/index.php?rest_route=\/wp\/v2\/pages\/737\/revisions"}],"predecessor-version":[{"id":784,"href":"https:\/\/klg-bergstrasse.de\/index.php?rest_route=\/wp\/v2\/pages\/737\/revisions\/784"}],"up":[{"embeddable":true,"href":"https:\/\/klg-bergstrasse.de\/index.php?rest_route=\/wp\/v2\/pages\/507"}],"wp:attachment":[{"href":"https:\/\/klg-bergstrasse.de\/index.php?rest_route=%2Fwp%2Fv2%2Fmedia&parent=737"}],"curies":[{"name":"wp","href":"https:\/\/api.w.org\/{rel}","templated":true}]}}